) to base 4.
-13002
What is -660 (base 14) in base 7?
-3450
What is -37550 (base 9) in base 5?
-1301421
Convert 3002 (base 7) to base 6.
4435
Convert -2245 (base 9) to base 5.
-23121
Convert 2a43 (base 13) to base 7.
23620
-2057 (base 8) to base 4
-100233
2195 (base 11) to base 9
3857
Convert -387 (base 12) to base 5.
-4120
21413 (base 5) to base 13
8a1
11e0 (base 16) to base 4
1013200
3203 (base 6) to base 14
399
What is a56 (base 16) in base 14?
d70
-1161 (base 7) to base 12
-303
What is -559 (base 11) in base 10?
-669
What is 131ab (base 13) in base 5?
2113322
Convert 10000010 (base 2) to base 8.
202
-1563 (base 7) to base 12
-449
-111 (base 2) to base 9
-7
Convert -2081 (base 9) to base 12.
-a77
Convert -1220012 (base 3) to base 11.
-1047
-22112102 (base 3) to base 14
-23a5
Convert 32743 (base 8) to base 14.
5055
-13524 (base 6) to base 5
-32030
Convert -323003 (base 4) to base 16.
-ec3
What is 24aa (base 15) in base 12?
462a
23511 (base 7) to base 10
6084
What is -7c (base 14) in base 12?
-92
What is 224 (base 9) in base 10?
184
2222344 (base 5) to base 2
1001100010111011
-88580 (base 9) to base 10
-58797
What is 11599 (base 10) in base 13?
5383
What is -167 (base 9) in base 12?
-ba
What is 10110002 (base 4) in base 8?
42402
What is 110121202 (base 3) in base 13?
4259
7b9b (base 13) to base 4
10033112
What is -3119 (base 10) in base 6?
-22235
26760 (base 8) to base 3
121010120
-1b74 (base 15) to base 8
-13507
Convert -6dd (base 16) to base 7.
-5060
What is ce8 (base 15) in base 4?
231212
-4445 (base 8) to base 11
-1839
What is 54220 (base 7) in base 13?
61a8
Convert -1110010001 (base 2) to base 5.
-12123
What is -2515 (base 9) in base 13?
-b15
Convert -34988 (base 10) to base 9.
-52885
Convert -11230020 (base 4) to base 5.
-1221204
-2340 (base 5) to base 10
-345
What is 123211 (base 4) in base 10?
1765
Convert -1041 (base 13) to base 6.
-14230
Convert a956 (base 13) to base 8.
56012
What is 232114 (base 5) in base 8?
20331
Convert -1572 (base 9) to base 3.
-1122102
Convert -1b12 (base 12) to base 2.
-110011111110
Convert -32ca (base 14) to base 6.
-104430
Convert 9aa (base 14) to base 15.
879
Convert 330130 (base 4) to base 7.
14164
1956 (base 12) to base 14
11aa
Convert 3220100 (base 4) to base 5.
433424
377 (base 13) to base 3
211102
Convert 15046 (base 7) to base 10.
4150
Convert 762 (base 10) to base 3.
1001020
215 (base 14) to base 16
19b
Convert -159a7 (base 12) to base 2.
-111100001001111
What is -12c6 (base 16) in base 3?
-20121000
What is 414 (base 6) in base 8?
232
24 (base 11) to base 14
1c
1396 (base 10) to base 11
105a
-11301013 (base 4) to base 13
-a9a2
Convert 13322203 (base 4) to base 11.
223a2
Convert -5228 (base 14) to base 3.
-201102000
1583 (base 9) to base 14
625
873 (base 12) to base 16
4d7
What is 1011212 (base 3) in base 13?
512
-641 (base 10) to base 12
-455
What is b61 (base 12) in base 3?
2021101
What is -bbb0 (base 12) in base 11?
-14630
Convert -1001011100 (base 2) to base 10.
-604
-1101010011001010 (base 2) to base 9
-82646
Convert 20001101 (base 3) to base 9.
6041
Convert 63 (base 8) to base 2.
110011
Convert -115 (base 8) to base 4.
-1031
-15531 (base 6) to base 2
-101000001111
Convert 9594 (base 11) to base 13.
5a0c
Convert -100003 (base 5) to base 4.
-300320
Convert d43 (base 16) to base 14.
1347
-202233 (base 4) to base 3
-10001100
1000001000101101 (base 2) to base 7
166105
-6636 (base 12) to base 8
-26012
Convert -2a72 (base 14) to base 7.
-31002
999 (base 10) to base 11
829
What is 124 (base 16) in base 14?
16c
Convert -120114 (base 5) to base 7.
-15566
Convert 3401 (base 5) to base 7.
1250
11110121 (base 3) to base 16
cb8
Convert 151415 (base 6) to base 11.
aa98
Convert 47 (base 8) to base 4.
213
-1312 (base 15) to base 5
-112232
Convert 103200 (base 4) to base 8.
2340
What is 1139 (base 12) in base 7?
5406
What is -11212 (base 4) in base 11?
-2a6
What is -1cd2 (base 15) in base 6?
-45012
-154511 (base 6) to base 5
-442212
Convert -3621 (base 8) to base 6.
-12545
What is -72b (base 16) in base 14?
-951
Convert 72 (base 12) to base 2.
1010110
-10041 (base 5) to base 4
-22012
1212 (base 4) to base 7
204
398aa (base 11) to base 2
1101111010011110
Convert 1614 (base 7) to base 5.
10043
-3160 (base 9) to base 2
-100100010010
What is -411 (base 6) in base 9?
-177
Convert -134402 (base 5) to base 3.
-21200111
Convert a36 (base 11) to base 5.
14444
What is 6b7 (base 12) in base 2?
1111101011
504 (base 12) to base 13
439
What is 881 (base 9) in base 14?
397
572 (base 11) to base 13
408
Convert 30632 (base 7) to base 15.
2365
Convert 4205 (base 12) to base 14.
28a9
Convert -a53 (base 13) to base 8.
-3336
97a (base 12) to base 16
56e
Convert 2dc7 (base 14) to base 16.
2013
-23433 (base 5) to base 12
-1013
What is 3b25 (base 12) in base 14?
2697
412030 (base 5) to base 10
13390
What is -318 (base 13) in base 4?
-20100
What is -402010 (base 5) in base 13?
-5a62
What is 33524 (base 6) in base 7?
16540
What is 100101 (base 3) in base 10?
253
Convert 424 (base 9) to base 14.
1aa
-995a (base 12) to base 10
-16918
Convert 57d8 (base 14) to base 11.
10533
Convert 2376 (base 8) to base 14.
674
What is 3020 (base 11) in base 3?
12111201
293 (base 11) to base 5
2334
245b (base 12) to base 7
14651
What is -6313 (base 12) in base 16?
-2a3f
20130 (base 4) to base 12
390
What is -10201321 (base 4) in base 12?
-a8a1
Convert -1796 (base 12) to base 9.
-3816
Convert -329 (base 11) to base 14.
-202
152 (base 9) to base 16
80
Convert 112022 (base 3) to base 2.
110000010
What is 14312 (base 9) in base 2?
10011000000011
What is 1000100100001 (base 2) in base 12?
2655
What is 1631 (base 7) in base 13?
3b9
126b3 (base 14) to base 3
2022001110
-22013 (base 8) to base 2
-10010000001011
Convert -534 (base 7) to base 2.
-100001110
Convert 35b3 (base 12) to base 3.
22021200
What is 433 (base 12) in base 10?
615
What is 882 (base 15) in base 2?
11110000010
56 (base 16) to base 7
152
947 (base 11) to base 5
14030
-21030131 (base 4) to base 12
-19965
-102212 (base 3) to base 14
-18c
What is 635d (base 14) in base 12?
9abb
431 (base 9) to base 12
254
1b6a6 (base 12) to base 16
9f1e
-330153 (base 6) to base 9
-41376
Convert -5a5 (base 15) to base 10.
-1280
Convert 11000000101 (base 2) to base 9.
2102
What is -111211 (base 6) in base 9?
-13757
What is 32145 (base 6) in base 8?
10441
23dd (base 16) to base 10
9181
Convert -13502 (base 7) to base 16.
-e5d
What is 11440 (base 5) in base 11?
721
What is -143423 (base 5) in base 7?
-23552
-2832 (base 12) to base 9
-6332
Convert -11663 (base 7) to base 6.
-22135
Convert -1615 (base 8) to base 16.
-38d
Convert -1413311 (base 5) to base 10.
-29206
Convert 44101 (base 7) to base 10.
11026
Convert -1770 (base 10) to base 5.
-24040
Convert -152541 (base 6) to base 9.
-22377
What is -1011210 (base 3) in base 7?
-2334
What is 1198 (base 11) in base 13?
92c
What is -24205 (base 7) in base 15?
-1cd7
What is 7106 (base 9) in base 2?
1010001000110
Convert 30433 (base 5) to base 15.
8cd
12002111 (base 3) to base 6
25104
What is -111021 (base 3) in base 11?
-2a6
What is -5311 (base 8) in base 14?
-1013
Convert -bcb (base 13) to base 12.
-120a
1397 (base 15) to base 13
1ba6
-5414 (base 6) to base 3
-1200201
334043 (base 5) to base 13
5488
What is 132442 (base 5) in base 2?
1010011111100
-11100321 (base 4) to base 15
-65c6
212 (base 10) to base 5
1322
What is 659 (base 11) in base 15?
37a
What is -3322 (base 5) in base 8?
-716
-25a2 (base 12) to base 6
-31522
23501 (base 8) to base 15
2e9e
2010 (base 6) to base 16
1b6
What is 101001001 (base 2) in base 16?
149
What is -1000100010001001 (base 2) in base 9?
-52846
20020 (base 3) to base 4
2220
-7980 (base 12) to base 2
-11010010110000
What is -304 (base 12) in base 16?
-1b4
Convert -200002011 (base 3) to base 14.
-4b36
Convert -32321 (base 4) to base 12.
-675
Convert -619c (base 13) to base 10.
-13480
-593 (base 12) to base 4
-30333
Convert -7691 (base 11) to base 3.
-111220200
101357 (base 8) to base 4
20023233
Convert -4226 (base 9) to base 6.
-22210
What is -1011101101110 (base 2) in base 12?
-357a
Convert 1222222 (base 4) to base 3.
100100211
What is -1000101000111011 (base 2) in base 9?
-53478
What is 1bc (base 16) in base 14?
23a
What is -2227 (base 10) in b